+ 8. Let f be s(6). Suppose -f*z = z + k - 44, -2*z + 29 = k. What is the remainder when 43 is divided by z?
13
Suppose -a + 88 = 3*i, 0*i + 4*a = 4*i - 96. What is the remainder when i is divided by 5?
3
Let k = 3 - -3. Suppose h - 5 = k. Let c = -8 - -12. Calculate the remainder when h is divided by c.
3
Let r = 10 + 1. Suppose 12 = -4*f, -o - 2*o - 5*f = 27. What is the remainder when r is divided by (o/6)/((-4)/36)?
5
Suppose 0 = l - 0 + 7. Let u = 10 + l. Suppose -3*y + 145 = 2*y - i, -3*y = -u*i - 99. What is the remainder when y is divided by 15?
13
Let r(b) = b**2 - 3*b - 4. Let y = 7 + -5. Suppose -y*a + 0*a + 16 = 0. Calculate the remainder when r(6) is divided by a.
6
Let i(z) = -2*z + 60. What is the remainder when 52 is divided by i(21)?
16
Let b = -10 + 27. Let h = 26 + b. Calculate the remainder when h is divided by 11.
10
Suppose 4*r + 0*r = 28. Suppose 6 = 2*d + r*j - 3*j, -5*j + 1 = 2*d. What is the remainder when d is divided by 5?
3
Let g(u) = -u**2 - 6*u - 2. Calculate the remainder when 15 is divided by g(-4).
3
Let m(r) = 5*r**2 + r - 3. Suppose -3 = 4*u - 3*c - 10, -4*c = 4*u. Let g(y) = 9*y**2 + y. What is the remainder when m(-3) is divided by g(u)?
9
Let x = 35 - -36. Calculate the remainder when x is divided by 9.
8
Let t(k) = k**2 - 5*k + 1. Let m be ((-9)/(-2))/((-2)/8). Let a = 30 + m. What is the remainder when a is divided by t(6)?
5
Let v = 12 + 5. What is the remainder when v is divided by 21/2 + 9/(-6)?
8
Suppose 0 = -4*s + 12 + 4. Let g = s + 1. What is the remainder when g is divided by 45/10*(-2 - 24/(-9))?
2
Let j(b) = b + 1. Suppose -5*w + 2*x - 5 = 0, -4*w + 0*x + 5*x = 4. Let v be j(w). Suppose v = 5*q - 24 - 16. What is the remainder when 22 is divided by q?
6
Let o = -26 + 34. What is the remainder when 23 is divided by o?
7
Let q(d) = -d**3 - 9*d**2 + 9*d - 13. Let h be q(-10). Calculate the remainder when (-3 + 1)*39/h is divided by 9.
8
Let n(l) = 3*l**3 - 2*l**2 + l. Let g be n(2). Calculate the remainder when (-1)/(-1 + g/21) is divided by -2 + 1 + (-5)/(-1).
3
Let x(n) = n + 52. Calculate the remainder when x(2) is divided by (-1)/(-2)*-1*-22.
10
Let q(m) = -10*m. Calculate the remainder when 48 is divided by q(-1).
8
Suppose 2*m = -5*z + 49, 4*m = 5*m + 4*z - 26. Calculate the remainder when 63 is divided by m.
19
Suppose z - 120 = -z. What is the remainder when z is divided by 32?
28
Suppose -2*j + 17 = -2*t + 3*j, 4*j + 4 = 0. Let d = t + 12. Let h = -1 + 3. Calculate the remainder when h is divided by d.
0
Suppose 4*m - 195 = 145. Suppose 2*g + m = 5*u, 5*g = 5*u - 9 - 91. Let o(t) = -t**3 + 9*t**2 - 7*t - 6. Calculate the remainder when o(7) is divided by u.
13
Suppose -3 - 42 = -5*i. Calculate the remainder when i is divided by 5.
4
Let l(d) = d**2 - 3*d + 7. Suppose -6*v = 10 - 310. Calculate the remainder when v is divided by l(5).
16
Calculate the remainder when 5/((-10)/(-252))*4/6 is divided by 22.
18
Let t(q) = -q**3 + 6*q**2 + q + 1. Let z = -2 - -5. What is the remainder when t(z) is divided by 11?
9
Let d(x) = x + 14. What is the remainder when 15 is divided by d(-8)?
3
Let x = -72 - -155. What is the remainder when x is divided by 21?
20
What is the remainder when 97 is divided by 144/(-1 + 4) + 2?
47
Suppose -h - 3 = 2*j, 10*j + 15 = -5*h + 5*j. Let s = 4 - h. Calculate the remainder when s is divided by 3.
1
Let r = -51 - -97. Suppose u + 2*p = 14, -4*u - 3 = 5*p - 56. Calculate the remainder when r is divided by u.
10
Let a(o) = o**2 - 5*o + 4. Let y be a(4). Suppose y = 2*n - 0*n - 6. What is the remainder when 4 is divided by n?
1
Let g(r) = -r**3 - 8*r**2 - 8*r. What is the remainder when 27 is divided by g(-7)?
6
Let j = -8 - -11. Let b = -18 + 38. Suppose -a = 3*a - b. What is the remainder when a is divided by j?
2
Let m(r) = 2*r**2 - 2*r + 4. Calculate the remainder when m(2) is divided by 2.
0
Let g(b) = b**2 - 5*b + 6. Let s = 13 + 7. Suppose -6*h = -11*h + s. What is the remainder when 2 is divided by g(h)?
0
Suppose 18 = 2*y - 16. Let s be (12/15)/((-2)/(-5)). Calculate the remainder when y is divided by s*-3*(-2 + 1).
5
Suppose 0 = d - 4 - 4. Let y(m) = -4*m + 2. What is the remainder when y(-3) is divided by d?
6
Let c(r) = 21*r + 1. Let p be c(1). What is the remainder when 21 is divided by (-2)/((-8)/p)*2?
10
Let z(b) = 7*b**2 - 2*b - 2. What is the remainder when z(-2) is divided by 8?
6
Suppose z = 6 - 1. Suppose -50 = -z*p - 0. Suppose -2*s - 58 = -4*s. What is the remainder when s is divided by p?
9
Suppose -2*k + 37 + 23 = -4*l, -4*l = 4*k + 48. Let m = -3 - l. What is the remainder when m is divided by 7?
4
Suppose 4*d = -3*q + 275, d - 21 - 59 = 3*q. Calculate the remainder when d is divided by 18.
17
Suppose 4*s + 30 = b, -s + 3*s + 2*b = -10. Let i = s + 3. What is the remainder when 17 is divided by (-16)/(-2) - (-2 - i)?
5
Suppose 5 = l, -4*v - l = 4*l - 33. Calculate the remainder when 2 is divided by v.
0
Suppose -8 = 2*t - 3*t. What is the remainder when 30 is divided by t?
6
Let v = 19 + 1. Let r = 103 + 55. Let y = r - 99. Calculate the remainder when y is divided by v.
19
Calculate the remainder when 82 is divided by 0 - (-2 - -5 - 20).
14
Let t(y) = y**3 - 10*y**2 + 7*y + 12. Let v be t(9). What is the remainder when (2 - (1 + v)) + -3 is divided by 2?
0
Let s(u) = -u**3 - 8*u**2 - 9*u - 15. Let t be s(-7). Calculate the remainder when -4 - 17*(-2 - t) is divided by 4.
1
Let p be (-268)/(-6)*(-30)/4. Calculate the remainder when p/(-30) + (-2)/12 is divided by 4.
3
Suppose 3*b = 3*o - 0*b - 42, -o + 4*b = -11. Let x = -46 - -3. Let r = o - x. What is the remainder when r is divided by 15?
13
Let q(a) = -7*a - 24. Let k(g) = 2*g**2 - 2*g + 5. Let b be k(4). Let n = -19 + b. What is the remainder when n is divided by q(-4)?
2
Suppose 0 = 12*r - 14*r + 14. Calculate the remainder when 27 is divided by r.
6
Suppose -6*v = 6*v - 696. What is the remainder when v is divided by 10?
8
What is the remainder when 11 is divided by (-5 - (-5)/2)/(1/(-2))?
1
Let c(k) = -k**2 + 14. Let z be c(0). Let h = -7 + z. What is the remainder when 26 is divided by h?
5
Let w(j) = -6*j**2 - 2*j + 3. Let i(a) = 7*a**2 + 3*a - 4. Let r(l) = -5*i(l) - 6*w(l). Calculate the remainder when r(6) is divided by 11.
9
Let p(d) = 4*d**2 - 2*d + 5. What is the remainder when p(4) is divided by 16?
13
Let q(c) = -c**3 - 3*c**2 - 3*c + 2. Suppose -5*h = -4*z + 50, 4*h + 15 = -3*z + 68. Suppose -v + 6*v = -z. What is the remainder when 42 is divided by q(v)?
9
Suppose 0 = k + 5*o - 3*o + 9, 5*k + 5 = -2*o. Let g(u) be the second derivative of u**3/6 - u**2/2 - u. Calculate the remainder when g(3) is divided by k.
0
Suppose 2*h - 50 = -f - f, -2*f + 5*h = -15. Let t = 118 - 41. Calculate the remainder when t is divided by f.
17
Suppose 9 = -y + 4*k, -y - 2*k + 22 - 7 = 0. Calculate the remainder when y is divided by 4.
3
Suppose 5 + 5 = 2*y + t, 34 = 5*y - 2*t. What is the remainder when 16 is divided by y?
4
Suppose 3*t = -2*t - 70. What is the remainder when 85 is divided by t/(-21) + (-85)/(-3)?
27
Suppose -z + 8 = 2. Suppose z + 24 = 3*g. What is the remainder when 3 + 20 + -1 + -3 is divided by g?
9
Let r(d) = d**3 - d - 21. Let z be r(0). Let f = z - -59. Let b(i) = -i**3 - 8*i**2 - 17*i + 3. Calculate the remainder when f is divided by b(-5).
12
Let j = -35 + 59. What is the remainder when 93 is divided by j?
21
Suppose -2*m - 18 = 5*o + 2*m, 10 = -o - 4*m. Let y(i) = 2*i**3 + i**2 + 2. Calculate the remainder when y(2) is divided by 172/14 + o/7.
10
Suppose -4*p + 75 = -3*a - 12, -126 = -5*p - 2*a. Let w = 36 - p. Suppose -t - w = -3*t. What is the remainder when 16 is divided by t?
4
What is the remainder when (35/(-84) - 6/(-8))*237 is divided by 27?
25
Suppose 11*z - 28 = 9*z. Calculate the remainder when 53 is divided by z.
11
Let z = 21 + -13. Calculate the remainder when 14 is divided by z.
6
Let z = 1 + 19. Calculate the remainder when 36 is divided by z.
16
Suppose -3*l + 4*l = -3. Calculate the remainder when 23 is divided by (3/4)/(l/(-24)).
5
Calculate the remainder when 31 is divided by 1/(-1)*-2 + 6.
7
Let f = 286 - 204. What is the remainder when f is divided by 28?
26
Let i(j) = j**2 - j + 1. Let l be i(0). Let k = l - 0. Calculate the remainder when k 